greatest common divisor of 980 and 202580?
140
Calculate the highest common divisor of 480 and 171264.
96
Calculate the greatest common factor of 57 and 289617.
57
Calculate the greatest common factor of 918951 and 33.
33
Calculate the greatest common factor of 1218 and 6062.
14
What is the highest common factor of 4352 and 7888?
272
Calculate the highest common factor of 280173 and 12.
3
Calculate the greatest common divisor of 3289 and 315601.
143
Calculate the highest common divisor of 171 and 161823.
57
What is the highest common factor of 924 and 159412?
44
What is the greatest common divisor of 123 and 230502?
123
What is the greatest common factor of 34592 and 16732?
188
What is the highest common factor of 52 and 87659?
13
Calculate the greatest common factor of 23 and 2121290.
23
Calculate the greatest common factor of 68797 and 2314.
89
What is the greatest common factor of 1312 and 17088?
32
Calculate the greatest common factor of 3439251 and 36.
9
What is the greatest common factor of 93599 and 737?
737
What is the greatest common factor of 64148 and 203?
203
Calculate the highest common factor of 17256 and 104.
8
What is the greatest common factor of 10660 and 82?
82
Calculate the highest common factor of 603 and 797903.
67
Calculate the greatest common factor of 6356 and 137335.
227
What is the greatest common factor of 51648 and 600?
24
What is the highest common divisor of 20178 and 121599?
531
Calculate the highest common factor of 27945 and 14445.
135
Calculate the highest common divisor of 477 and 114533.
53
Calculate the greatest common factor of 895 and 8771.
179
What is the highest common factor of 3516 and 48?
12
Calculate the highest common factor of 495 and 202035.
15
What is the greatest common factor of 25472 and 13532?
796
Calculate the highest common factor of 14044 and 100.
4
What is the highest common divisor of 789471 and 9?
9
What is the highest common factor of 5611201 and 71?
71
Calculate the greatest common factor of 46734 and 126.
6
What is the highest common divisor of 134891 and 860?
43
Calculate the greatest common factor of 24 and 24168.
24
What is the greatest common divisor of 3510 and 3705?
195
What is the greatest common divisor of 50988 and 42?
42
What is the greatest common divisor of 310 and 11315?
155
Calculate the greatest common factor of 4420 and 455940.
340
What is the greatest common divisor of 3 and 23220?
3
What is the highest common divisor of 132561 and 66?
33
What is the highest common divisor of 214 and 390?
2
What is the greatest common divisor of 470241 and 9?
9
Calculate the greatest common factor of 17130 and 70.
10
Calculate the highest common divisor of 711861 and 27.
3
Calculate the highest common divisor of 26909 and 568.
71
What is the greatest common factor of 10962 and 2730?
42
Calculate the greatest common factor of 42 and 1829940.
42
Calculate the greatest common divisor of 1590745 and 585.
65
What is the highest common divisor of 7784 and 2744?
56
Calculate the highest common factor of 40500 and 11500.
500
What is the highest common factor of 20460 and 168?
12
What is the highest common divisor of 6989 and 144359?
241
Calculate the greatest common divisor of 194960 and 80.
80
What is the greatest common factor of 7391 and 304?
19
Calculate the greatest common factor of 5700 and 324675.
75
Calculate the highest common factor of 35988 and 132.
12
Calculate the highest common divisor of 14749 and 14063.
343
Calculate the greatest common factor of 184 and 40.
8
What is the greatest common factor of 85057 and 406?
203
Calculate the greatest common divisor of 229148 and 12.
4
Calculate the highest common divisor of 153 and 105849.
9
What is the highest common divisor of 30046 and 2822?
166
What is the highest common divisor of 91 and 400127?
91
Calculate the greatest common factor of 2345 and 1202516.
469
Calculate the highest common factor of 182145 and 30.
15
Calculate the greatest common factor of 4876 and 42400.
212
What is the highest common factor of 413706 and 1938?
114
Calculate the greatest common factor of 798 and 104139.
399
Calculate the greatest common factor of 1105056 and 43486.
2558
What is the greatest common divisor of 770 and 1330?
70
Calculate the greatest common factor of 104 and 48282.
26
What is the greatest common factor of 156 and 3432?
156
Calculate the greatest common divisor of 824250 and 38500.
1750
What is the highest common factor of 53322 and 24?
6
Calculate the greatest common factor of 82299 and 21.
21
What is the greatest common factor of 718428 and 912?
228
What is the greatest common factor of 104 and 875836?
52
What is the highest common divisor of 129 and 10793?
43
What is the greatest common factor of 3237 and 4407?
39
Calculate the greatest common factor of 450 and 61150.
50
Calculate the greatest common factor of 291048 and 2534.
362
Calculate the highest common factor of 5 and 25255.
5
What is the greatest common factor of 750 and 569000?
250
What is the highest common factor of 85925 and 350?
175
Calculate the highest common divisor of 84177 and 376.
47
Calculate the greatest common divisor of 66011 and 187.
187
Calculate the greatest common factor of 340 and 67820.
20
Calculate the highest common factor of 307565 and 898.
449
Calculate the highest common divisor of 11180 and 1300.
260
Calculate the greatest common factor of 15 and 13047.
3
Calculate the highest common factor of 56 and 28882.
14
What is the highest common factor of 1213485 and 21?
21
Calculate the highest common factor of 1463 and 68827.
11
What is the greatest common factor of 44342 and 4?
2
Calculate the greatest common divisor of 1207 and 2074.
17
What is the highest common divisor of 6364 and 7844?
148
What is the highest common factor of 693047 and 37?
37
Calculate the highest common factor of 75 and 5725.
25
Calculate the highest common factor of 92 and 938492.
92
Calculate the greatest common divisor of 23 and 294.
1
What is the greatest common divisor of 1995 and 7068?
57
What is the greatest common divisor of 405 and 60615?
135
Calculate the highest common factor of 7437 and 5025.
201
Calculate the highest common factor of 3450 and 3710130.
690
What is the highest common factor of 344 and 4254?
2
What is the greatest common factor of 76747 and 11?
11
Calculate the highest common divisor of 7181 and 1978.
43
Calculate the greatest common divisor of 19934 and 4.
2
Calculate the highest common divisor of 7 and 517671.
7
What is the greatest common divisor of 6134688 and 72?
72
What is the greatest common divisor of 996 and 1284?
12
What is the highest common factor of 379424 and 24?
8
What is the greatest common factor of 22883 and 294?
49
What is the greatest common divisor of 55332 and 13674?
318
What is the highest common factor of 174 and 124149?
87
What is the highest common factor of 182843 and 67?
67
Calculate the greatest common factor of 108 and 101076.
12
Calculate the highest common factor of 53771 and 17.
17
What is the greatest common factor of 747 and 16600?
83
What is the greatest common divisor of 530 and 670?
10
What is the greatest common divisor of 781 and 3866731?
781
Calculate the greatest common divisor of 301 and 33.
1
What is the highest common factor of 4110 and 1590?
30
Calculate the greatest common divisor of 3173 and 14863.
167
Calculate the greatest common divisor of 203808 and 110.
22
What is the highest common factor of 1875 and 51?
3
What is the greatest common factor of 186 and 1338270?
186
What is the greatest common factor of 6956256 and 96?
96
Calculate the highest common divisor of 647779 and 22.
11
What is the highest common factor of 75 and 24213675?
75
What is the highest common factor of 75 and 1026675?
75
What is the greatest common factor of 3751 and 275?
11
What is the highest common factor of 14 and 6579566?
14
What is the greatest common divisor of 1540 and 644875?
385
What is the greatest common factor of 2740 and 104668?
548
Calculate the highest common divisor of 175 and 331050.
25
What is the highest common factor of 1106560 and 532?
532
Calculate the highest common divisor of 112695 and 231537.
2049
Calculate the greatest common factor of 38472 and 504.
168
Calculate the highest common divisor of 150 and 3